
True
Is 121811 a composite number?
True
Is 12757 a prime number?
True
Is 26369 composite?
True
Is 12853 a composite number?
False
Is 16367 a prime number?
False
Is 8457 a prime number?
False
Is 6847429 composite?
True
Is 27889 a prime number?
False
Is 74653 a composite number?
False
Is 4963 a composite number?
True
Is 13027 a composite number?
True
Is 13171 prime?
True
Is 21269 prime?
True
Is 4327 a composite number?
False
Is 483061 prime?
True
Is 6247 a prime number?
True
Is 21313 prime?
True
Is 1795 a composite number?
True
Is 144773 prime?
True
Is 80623 prime?
False
Is 104903 composite?
True
Is 201221 a composite number?
True
Is 3607 a composite number?
False
Is 224359 a prime number?
True
Is 8257 prime?
False
Is 667171 a prime number?
True
Is 104417 composite?
False
Is 279035 a composite number?
True
Is 1949 prime?
True
Is 2040913 prime?
False
Is 360667 prime?
False
Is 13063 composite?
False
Is 16301 prime?
True
Is 1285351 a prime number?
True
Is 606413 a prime number?
True
Is 20671 a composite number?
True
Is 34583 composite?
False
Is 12659 a prime number?
True
Is 183689 prime?
False
Is 20647 prime?
False
Is 640039 composite?
False
Is 1585427 composite?
False
Is 775237 prime?
True
Is 194603 composite?
True
Is 93371 composite?
False
Is 245671 a composite number?
False
Is 88897 a prime number?
True
Is 97043 a composite number?
True
Is 4997 prime?
False
Is 15661 a prime number?
True
Is 1167 a composite number?
True
Is 1101223 a composite number?
True
Is 13415 a prime number?
False
Is 7033 a prime number?
False
Is 29957 a prime number?
False
Is 5257 a composite number?
True
Is 271163 prime?
True
Is 1697107 a composite number?
False
Is 930757 composite?
True
Is 16439 a prime number?
False
Is 580409 a composite number?
False
Is 63569 a prime number?
False
Is 55487 a prime number?
True
Is 1138181 a composite number?
True
Is 4699 a composite number?
True
Is 17059 a prime number?
False
Is 4085561 a composite number?
False
Is 4874 a prime number?
False
Is 120182 a composite number?
True
Is 1651135 composite?
True
Is 392494 a composite number?
True
Is 73307 prime?
False
Is 126389 composite?
True
Is 528526 a composite number?
True
Is 127271 composite?
False
Is 3106703 composite?
False
Is 5855 prime?
False
Is 389527 a composite number?
False
Is 120811 prime?
True
Is 179173 a composite number?
False
Is 6761 a prime number?
True
Is 10801 a composite number?
True
Is 75427 prime?
False
Is 36323 a prime number?
False
Is 1052609 a prime number?
True
Is 64123 a prime number?
True
Is 263 a composite number?
False
Is 1378961 composite?
False
Is 29201 a composite number?
False
Is 31917 prime?
False
Is 31999 a composite number?
True
Is 139569 composite?
True
Is 30293 composite?
False
Is 199151 prime?
True
Is 39469 prime?
False
Is 45683 a composite number?
True
Is 1361 prime?
True
Is 81989 a prime number?
False
Is 3542722 composite?
True
Is 1777 prime?
True
Is 17473 a composite number?
True
Is 1439 composite?
False
Is 31013 composite?
False
Is 8157 prime?
False
Is 527 prime?
False
Is 287102 a composite number?
True
Is 293 prime?
True
Is 6922 prime?
False
Is 10231 composite?
True
Is 236471 composite?
False
Is 158461 a prime number?
False
Is 21961 composite?
False
Is 6349 prime?
False
Is 25691 prime?
False
Is 18299 a prime number?
False
Is 20371 a composite number?
True
Is 190207 a prime number?
True
Is 4481 a composite number?
False
Is 33679 a prime number?
True
Is 15415 a prime number?
False
Is 101819 a prime number?
False
Is 966863 a composite number?
False
Is 24631 composite?
False
Is 1163573 a prime number?
False
Is 261223 a prime number?
True
Is 221 a composite number?
True
Is 14392801 prime?
True
Is 215161 composite?
False
Is 15221 composite?
True
Is 2054579 composite?
False
Is 1241681 a composite number?
True
Is 176957 a prime number?
False
Is 24281 prime?
True
Is 23897 a composite number?
True
Is 72827 a composite number?
True
Is 20089 a prime number?
True
Is 7153 a prime number?
False
Is 105217 a composite number?
True
Is 1476109 a composite number?
False
Is 51583 a prime number?
False
Is 342521 composite?
False
Is 106901 composite?
True
Is 914813 composite?
False
Is 1259 composite?
False
Is 15421 composite?
True
Is 26591 a composite number?
False
Is 59941 a prime number?
False
Is 24251 a composite number?
False
Is 5623 a composite number?
False
Is 30161 composite?
False
Is 246739 prime?
True
Is 1840559 composite?
True
Is 368021 composite?
False
Is 490949 composite?
False
Is 30071 a composite number?
False
Is 1985 prime?
False
Is 6823 a prime number?
True
Is 3076687 composite?
True
Is 5977 a composite number?
True
Is 55299 composite?
True
Is 1651 prime?
False
Is 174367 a composite number?
False
Is 4163 a prime number?
False
Is 7249 a prime number?
False
Is 442711 prime?
False
Is 31103 a prime number?
False
Is 46523 a prime number?
True
Is 12451 prime?
True
Is 4211 a composite number?
False
Is 1866083 a prime number?
True
Is 11273 a composite number?
False
Is 901 a prime number?
False
Is 11051 prime?
False
Is 221883 a composite number?
True
Is 177091 prime?
True
Is 33595 a composite number?
True
Is 1328869 composite?
True
Is 15955 prime?
False
Is 105503 a prime number?
True
Is 1691 a prime number?
False
Is 37159 a composite number?
False
Is 35023 a prime number?
True
Is 72323 composite?
True
Is 834299 a prime number?
True
Is 55851 prime?
False
Is 33973 composite?
True
Is 146209 a composite number?
True
Is 787 a prime number?
True
Is 6521 composite?
False
Is 11677 composite?
False
Is 10871 a composite number?
True
Is 27941 a prime number?
True
Is 4703 composite?
False
Is 6353 a composite number?
False
Is 175129 composite?
False
Is 33095 a composite number?
True
Is 18317 composite?
True
Is 133019 a prime number?
False
Is 197939 composite?
True
Is 618883 prime?
True
Is 310741 a composite number?
False
Is 164435 a composite number?
True
Is 45311 prime?
False
Is 146177 a prime number?
False
Is 1118401 prime?
False
Is 98281 composite?
True
Is 138235 composite?
True
Is 39469 composite?
True
Is 34647 composite?
True
Is 51079 a composite number?
True
Is 8497 a composite number?
True
Is 551353 a composite number?
True
Is 1432469 a prime number?
True
Is 8497 a composite number?
True
Is 340742 composite?
True
Is 1760359 a composite number?
False
Is 673 composite?
False
Is 23447 composite?
False
Is 43199 composite?
True
Is 224783 prime?
False
Is 6803 prime?
True
Is 30991 prime?
False
Is 1409 a composite number?
False
Is 34343 composite?
True
Is 78137 a composite number?
False
Is 79259 a composite number?
False
Is 312899 a composite number?
False
Is 284003 a prime number?
True
Is 4781 prime?
False
Is 47303 composite?
False
Is 1467629 prime?
True
Is 583873 a prime number?
True
Is 13898 a prime number?
False
Is 12158 composite?
True
Is 5147 prime?
True
Is 75451 a prime number?
False
Is 5729 composite?
True
Is 365983 prime?
True
Is 718 a prime number?
False
Is 2203 composite?
False
Is 43477 a prime number?
False
Is 1282 composite?
True
Is 42037 a composite number?
True
Is 1397 a prime number?
False
Is 163745 a composite number?
True
Is 13391 prime?
False
Is 12014 composite?
True
Is 671167 a prime number?
False
Is 3259 composite?
False
Is 351023 prime?
True
Is 104207 composite?
False
Is 334237 a prime number?
False
Is 568403 a prime number?
False
Is 11453 a prime number?
False
Is 26977 prime?
False
Is 765851 composite?
False
Is 208367 prime?
True
Is 3049 prime?
True
Is 272959 composite?
False
Is 733237 composite?
False
Is 755071 a prime number?
True
Is 291 a composite number?
True
Is 7451 a composite number?
False
Is 12223 prime?
False
Is 26489 a prime number?
True
Is 23323 prime?
False
Is 10181 composite?
False
Is 180949 composite?
False
Is 204353 composite?
False
Is 46049 prime?
True
Is 3863 composite?
False
Is 2624839 a prime number?
False
Is 2063 a composite number?
False
Is 737543 a composite number?
True
Is 19109 composite?
True
Is 243443 a composite number?
True
Is 533 prime?
False
Is 42631 a composite number?
True
Is 404671 composite?
False
Is 552127 composite?
False
Is 15185 a prime number?
False
Is 3267253 a prime number?
False
Is 554843 prime?
True
Is 44729 a prime number?
True
Is 518359 composite?
True
Is 541001 a prime number?
True
Is 12854 prime?
False
I